 of -b**2/2 - 4*b - 115. Determine l(-5).
1
Let k be 2/1 + (-30)/30. Let l(x) = -2*x**3 - 2*x**2 - 3*x - 2. Let f be l(-3). Suppose 3*b = -4*p - f, p + b - k = -13. Let g(w) = 2*w + 10. Determine g(p).
-4
Let p be (3/15)/(-1) - (-11)/5. Let r(w) = -13*w + 6 + 11*w + p*w**2 + 6*w - 2. Determine r(-3).
10
Let c(i) = 935*i - 477*i - 457*i + 1. Let l = -2 - -9. What is c(l)?
8
Let s(g) = 78*g**2 - 75*g**2 + 16*g + 5 + g - 13*g. Calculate s(-4).
37
Let i(p) = 3*p**2 + 30*p - 1. Let z(s) = -4*s**2 - 34*s. Let m(c) = -5*i(c) - 4*z(c). What is m(13)?
-8
Let t(k) = k + 25 + 19 - 32. Let l be t(-9). Let x(o) = o**2 - 3*o**3 + 2*o**3 + 2*o**2 - 4*o + 3. Determine x(l).
-9
Let l be ((-300)/225)/(1/(-6)). Let a(g) = g**2 - 11*g + 4. Calculate a(l).
-20
Let p = -33 - -39. Let l(q) = -5*q - 2. Calculate l(p).
-32
Let b(h) = 2*h - 13. Let q(n) = 5*n - 38. Let u(f) = 17*b(f) - 6*q(f). Let m be u(-4). Let p(s) = -s - 9. Calculate p(m).
0
Let y(j) = 3*j**2 + 17*j - 27. Let k(t) = 5*t**2 + 34*t - 46. Let n(x) = -4*k(x) + 7*y(x). Give n(17).
-5
Let t(g) be the second derivative of g**3/6 - g**2/2 - 3*g. Suppose k = 2*d - 4*k - 4, 0 = d + 2*k - 2. What is t(d)?
1
Let j(n) be the first derivative of n**4/4 + n**2/2 + n - 75. Let v(s) = -s**2 + 1 + 3*s**2 - s - 2*s**3 + 2. Let a(f) = -j(f) - v(f). Determine a(3).
5
Suppose -3*c + 26 = 2*c - u, -2 = c - 2*u. Let z be (7/(-21))/(1*1/(-6)). Let w(a) = 8 - 2 + 7*a**z - a**3 - 4*a - 4*a. Give w(c).
-6
Let g(i) = -7*i + 29. Suppose x - 1 - 7 = -2*t, -2*x = 2*t - 8. Give g(t).
1
Let g(w) be the third derivative of -w**6/120 + w**5/10 - 5*w**4/24 + 5*w**3/6 + 3*w**2 + 30. What is g(5)?
5
Let t(s) = 2*s**2 + 18*s. Let b(o) = o. Suppose 4*n - 5*q + 4*q + 11 = 0, 2*n + 1 = -q. Let l = -29 + 65. Let z(y) = l*b(y) + n*t(y). Give z(-1).
-4
Let d(q) = q**3 - q + 1. Let u(m) = -7*m**3 - 2*m**2 + 6*m - 7. Let c(h) = 6*d(h) + u(h). What is c(2)?
-17
Let q(n) be the second derivative of -n**4/12 + n**3/2 + n**2 + 20*n + 5. Determine q(5).
-8
Let c(u) = 3*u + 5. Suppose 3*i - k = -12, 0 = -3*i - 2*i - 2*k - 9. Let f(l) = -4*l - 4. Let p(o) = i*c(o) - 2*f(o). Calculate p(-8).
1
Let q(h) be the first derivative of -h**3/6 + 9*h**2/2 - 45*h - 29. Let b(t) be the first derivative of q(t). What is b(5)?
4
Let z(o) be the first derivative of -o**3/3 + 9*o**2/2 - 11*o + 216. Calculate z(6).
7
Let v(t) = 22*t**3 - 29*t**2 - 17*t - 5. Let n(c) = -5*c**3 + 7*c**2 + 4*c + 1. Let a(w) = 9*n(w) + 2*v(w). Determine a(5).
9
Let d(j) = -j**3 - 4*j**2 + j - 2. Let t = 22 + -7. Suppose 2 = -t*l + 16*l. Suppose 5 + 3 = -l*b. Give d(b).
-6
Let z(g) = -728 + 1461 + 12*g - 736. Calculate z(2).
21
Let n(d) = d - 11. Let c = -86 + 91. Determine n(c).
-6
Let a(o) = -3*o**2 + 3*o - 13*o**3 - 3 - o + 12*o**3. What is a(-3)?
-9
Let a(b) = 5 - 4*b + 3*b + 7*b - 6*b - 3*b. Calculate a(3).
-4
Let m(r) be the second derivative of -r**4/12 + 2*r**2 + 2*r - 32. Suppose -3*b + 17 = 2*s, 5*s - 4*b + 8*b = 32. Let l be -3 + -3 + -1 + s. Calculate m(l).
-5
Let n(h) = h**2 - 23*h - 3. Suppose 3*w - 6*w = -5*t - 49, -3 = -w + 5*t. Calculate n(w).
-3
Suppose -98 = 14*w - 42. Let d(j) = -j**3 - 3*j**2 + 3*j - 6. Calculate d(w).
-2
Suppose 0 = 5*o + 2*o + 28. Let g(d) = 1 + 0 - 7*d - 6 + 0. Determine g(o).
23
Let n(z) = -7*z - z**3 - 24*z**2 + 60*z**2 + 2*z**3 - 6 - 31*z**2. What is n(-6)?
0
Let d(a) = -6*a - 1433*a**3 - 2*a + 1432*a**3 + 8*a**2 + 3. Give d(6).
27
Let r(j) = -j - 13. Let n(s) = -2*s - 24. Let m(a) = 6*n(a) - 11*r(a). Let k(b) = -4*b + 8 + 8*b - 3*b. Let y be k(-9). Give m(y).
0
Let i(q) = 5*q**2 - 28*q - 29. Let y(t) = -t**2 + 6*t + 6. Let a(b) = 2*i(b) + 11*y(b). Give a(9).
17
Let j(g) be the second derivative of -g**3/3 + g**2 + 4*g. Suppose -2*h - 2*h = 0. Let p = 6 - h. Determine j(p).
-10
Let u(n) = -2*n + 18 + 23 - 52. Give u(8).
-27
Let k(l) = -30*l**2 - 28*l**2 + 90*l**2 - 30*l**2 + l. Let r(a) = a - 2. Let w be r(1). Calculate k(w).
1
Let n(z) = 4*z + 9. Suppose 7*p - 41 = -83. Determine n(p).
-15
Suppose -94 + 24 = -5*n + 3*j, -2*j + 12 = 2*n. Let o(i) = -i**2 + 2*i + 2. Let s be o(5). Let g = s + n. Let u(y) = -3*y**2 - 3*y. Calculate u(g).
-6
Let l = 597 - 601. Let d(h) = -h**3 + 3*h**2 + 3*h + 2. Let a(g) = -g**3 + 2*g**2 + 3*g + 1. Let u(w) = -6*a(w) + 5*d(w). Determine u(l).
0
Let p(o) = 2*o**2 - 21*o - 130. Let s be p(15). Let h(v) = -3*v + 5. Let b(r) = -4*r + 6. Let a(g) = 2*b(g) - 3*h(g). Determine a(s).
2
Let u(x) = -3*x - 3. Let z be (5/10)/(2/20). Suppose 0 = 4*a - 17 + z. Suppose -a*b + 2*n = -b + 12, 0 = b + 2*n - 6. What is u(b)?
3
Let i(k) = -k**2 - 14*k + 27. Let q be i(-16). Let r(d) = 2*d**2 - 3*d - 6. Determine r(q).
59
Let f(z) = -z**2 + 4*z + 1. Let m(o) = -3*o**2 + 12*o + 4. Let s(q) = -7*f(q) + 2*m(q). Determine s(5).
6
Let s(m) = m**2 - 1. Let b(f) = -9*f - 46. Let w be b(-5). Determine s(w).
0
Let q(k) be the second derivative of -5*k + 0*k**3 + 0 + 1/60*k**5 + 1/2*k**4 - 1/360*k**6 + 0*k**2. Let z(f) be the third derivative of q(f). Determine z(-2).
6
Let o be 51/(-4) - 4/16. Let i(u) = -u**3 - 14*u**2 - 12*u + 6. Determine i(o).
-7
Let j(x) = -x**2 + 11*x + 17. Let q be ((-13)/(-2))/((136/(-16))/(-17)). Give j(q).
-9
Let b(t) = -t**3 + 7*t**2 - 7*t + 6. Let o be ((-24)/(-15))/((-8)/20). Let c(a) = -a + 1. Let r be c(-7). Let k be 2/o - (-52)/r. What is b(k)?
0
Let h(x) = 20*x**3 - 4*x**2 + 35*x - 4. Let l(a) = -7*a**3 + a**2 - 12*a + 1. Let j(n) = 6*h(n) + 17*l(n). Suppose 3*p - 18 = -0*p. Calculate j(p).
-7
Let w(f) be the third derivative of -f**5/15 + 5*f**4/24 + 13*f**2. Let n(v) = v**2 + 1. Let a(p) = 3*n(p) + w(p). What is a(7)?
-11
Suppose m + 3*p = 5*m - 322, 5*m - 2*p - 406 = 0. Let w = m + -79. Let n(r) be the second derivative of -5*r**3/6 + r**2/2 + 2*r. What is n(w)?
-14
Let m(a) = -a**3 - 7*a**2 - 8*a - 6. Let v(l) = -l - 14. Let o be v(5). Let i = o + 25. Suppose -q = 2*d + 7, d + 5 + i = q. What is m(d)?
6
Let s(c) = -c**2 - c. Let p(x) = 4*x**2 - 2 + 3*x**2 - 7*x - 14*x**2. Let z(o) = -p(o) + 6*s(o). What is z(0)?
2
Let l(n) be the second derivative of -n**4/12 + 5*n**3/6 - n**2 + 2*n. Let b be l(3). Let i(t) = -2*t**2 + b*t**2 - 15*t - 1 + 13*t. Determine i(-1).
3
Let h(a) = a**2 + 5 + 0 + 0 - 11*a + 9*a. Give h(5).
20
Let o(r) be the second derivative of r**4/12 - r**3/2 + r**2 - 3758*r. Let z = 6 - 3. What is o(z)?
2
Let d(w) = -19*w**3. Let l = -40 - -118. Let o = l + -77. What is d(o)?
-19
Let d be (-12 + (-49)/(-4))/((-1)/(-8)). Let c(a) be the first derivative of 0*a**d + a - 1/3*a**3 - 10. Give c(-2).
-3
Let p(q) = 2*q - 6*q**2 - 3 - q**3 + 1 - 7*q. Let s(r) be the first derivative of r**2/2 - 5*r - 4. Let h be s(0). Give p(h).
-2
Let s = 4 + 6. Let z(i) = s - 5 + 2 - 3*i + 0. Determine z(-5).
22
Let p(z) = -247*z**3 + 6*z + 13*z + 8*z**2 + 8*z**2 + 248*z**3 - 5 - 3*z. What is p(-15)?
-20
Suppose d - 48 = -2*n - 33, 5*d - 3*n = 23. Let c(x) = 2*x**2 - 9*x + 2. Give c(d).
37
Let g(x) = x**2 + 13*x + 12. Let p be (30/(-8))/((-12)/64). Suppose 3*u + 4 = -p. Determine g(u).
-28
Let m(o) be the third derivative of o**7/420 + o**6/360 - o**5/120 + o**4/12 - 3*o**3 + 5*o**2. Let k(c) be the first derivative of m(c). Determine k(2).
20
Suppose -3*u + u = -4*l - 32, 3*l + 24 = 4*u. Let c(w) = 2*w + 13. Determine c(l).
-3
Let m(f) = f**3 + 8*f**2 + 7*f + 1. Let t(g) = g**2 - 10*g - 7. Let u be t(10). Give m(u).
1
Let f = -8 + 3. Let l(i) = -4*i**3 + 27*i + 13. Let z(j) = -3*j**3 + j**2 + 22*j + 11. Let w(u) = -4*l(u) + 5*z(u). What is w(f)?
-7
Let j(v) = -v**3 - 4*v**2 + 7*v - 1. Let p = 36 + -31. Suppose 0 = -3*y + 3*f - 2*f - 10, -40 = p*y + 3*f. Determine j(y).
-11
Let y = 1/1288 + 319/3864. Let t(x) be the third derivative of 0 + 0*x + y*x**4 + 0*x**3 - 6*x**2. Give t(-3).
-6
Let b = -125 - -114. Let d(j) = j**3 + 10*j**2 - 12*j - 3. Determine d(b).
8
Let v(u) = u**2 + u + 1. Let q(g) = -4*g**2 - 4*g - 4. Let d(n) = -6*q(n) - 22*v(n). Suppose 2*a = -9 + 7. Let o be ((-2)/(-20)*-4)/(a/(-5)). Give d(o).
6
Let y(q) = 2*q**2 - q + 1. Let u be 38/8 - (-19)/76. Suppose -u*i + 9 = 4*k, 2 = 4*k - 3*i + 1. Determine y(k).
2
Suppose -3*k - 22 = -4*t, 0 = -k - 14*t + 11*t - 3. Let c(q) = 3*q - 2. Calculate c(k).
-20
Let s(b) = -12*b + b**3 - 15*b**2 + 6*b**2 + 92 - 75. Calculate s(10).
-3
Suppose -3 = -2*z - 3*p